(-2)/(-48)). Suppose 11*w = s*w - 130. What is the remainder when w is divided by 14?
12
Suppose -5*m + 13 = -2, -i + 35 = -2*m. Calculate the remainder when i is divided by 7.
6
Suppose x + 3*x = 100. Calculate the remainder when x is divided by 7.
4
Let l = 11 + -7. Suppose 16 = -3*a + l*a. Calculate the remainder when 31 is divided by a.
15
Let t = -7 - -11. Suppose -t*m - 24 = -6*m. What is the remainder when 35 is divided by m?
11
Let k(x) = -x**3 - 5*x**2 + 14*x + 4. Calculate the remainder when k(-7) is divided by 3.
1
Let u(z) = -z**2 + 7*z - 6. Let d be u(5). Suppose -2*p = 3*p - 245. Suppose 0 = d*y - p + 5. What is the remainder when y is divided by 4?
3
Let j(u) = 3 + 0 - u**2 + 0*u**2 - 2. Let t be j(-5). Calculate the remainder when (t + 1)/((-2)/4) is divided by 12.
10
Let d(c) = 2*c**2 + 6*c - 5. What is the remainder when d(4) is divided by 6?
3
Suppose 0 = 4*w + 97 - 349. Calculate the remainder when w is divided by 22.
19
Suppose -3*q = 0, -7*q = -v - 10*q + 13. Calculate the remainder when 101 is divided by v.
10
Let l(k) = -k**3 - 3*k**2 + 5*k + 6. Let d be l(-6). Suppose 4*h - 5*u - d = 0, 2*u - 30 = -h + 4. Calculate the remainder when h is divided by 9.
8
Let c(j) = -2*j - 2. Let y be c(-3). Suppose 0 = -0*s - s + 29. What is the remainder when s is divided by y*1/(2/5)?
9
Suppose -k + 27 = -3. Let t(z) be the third derivative of z**5/60 + z**4/24 + 8*z**3/3 + z**2. What is the remainder when k is divided by t(0)?
14
Suppose 0 = -4*s + 24 + 48. What is the remainder when 70 is divided by s?
16
What is the remainder when ((-212)/(-10))/((-4)/(-14 - 6)) is divided by 10?
6
Suppose 55 = 3*l - 8*l. Let h = -7 - l. Suppose h*t - 4 = 96. What is the remainder when t is divided by 13?
12
Suppose 3*m - m = 4*a - 68, -2*a = -3*m - 30. Suppose -4*k = -9*k + 25. What is the remainder when a is divided by k?
3
Suppose 3*b + 2*b = 30. Suppose 0 = 4*o - b*o + 12. What is the remainder when 26 is divided by o/3 + (1 - -6)?
8
Suppose -3*r = -7*w + 2*w + 72, -2*r + 52 = 5*w. Suppose -136 = -f - 3*f. Calculate the remainder when f is divided by w.
10
Let h = 12 + -5. Calculate the remainder when 25 is divided by h.
4
Suppose 4*b + 32 = 2*s, -6*s + 4*s + b + 32 = 0. Let u = 20 + 11. What is the remainder when u is divided by s?
15
Let j = 1 - -4. Let y(a) be the third derivative of a**6/120 + 3*a**5/20 + a**4/3 + a**3/2 + 2*a**2. Calculate the remainder when j is divided by y(-8).
2
What is the remainder when 57 is divided by 30/(-9)*(-4 + 1)?
7
Suppose -c = -6*c + 30. Suppose 2*s - c = -0*s. Suppose 5*p = s*p + 10. Calculate the remainder when 9 is divided by p.
4
Let u(d) = d**2 - 2*d - 3. Let a be u(-3). Suppose -2*t + a = -t. Calculate the remainder when t is divided by 8.
4
Let x = -28 + 93. Calculate the remainder when x is divided by 18.
11
Let w = -19 + 19. Let l = 3 - w. Calculate the remainder when l is divided by 2.
1
Let q(g) = 2*g**2 + 4*g - 7. What is the remainder when 34 is divided by q(2)?
7
Let h(s) = s**3 - 4*s**2 + 5*s - 2. Let c be h(4). Suppose -c = -3*n - 6. Calculate the remainder when 6 is divided by n.
2
Suppose 26*v = 19*v + 413. What is the remainder when v is divided by 30?
29
Let h(x) = 4*x - 10. Suppose 2*z - 50 = 20. What is the remainder when z is divided by h(7)?
17
Calculate the remainder when 2*(-5)/((-25)/205) is divided by 42.
40
Let q = 2 - -1. What is the remainder when ((-6)/q - -22) + -1 is divided by 11?
8
Let k(g) = -g**3 + g. Let y(n) = -2*n**3 + 3*n**2 + 4*n - 2. Let o(b) = 3*k(b) - y(b). What is the remainder when 43 is divided by o(-4)?
21
Let h(n) = n + 3. Suppose -4*x - x = 15. Let a be h(x). Suppose a = -2*r - 0*r + 32. What is the remainder when r is divided by 6?
4
Suppose w - s = 63, -5*w + s = -60 - 259. What is the remainder when w is divided by 17?
13
Let w(i) = i + 1. Let f be w(2). Let q = 10 - f. Suppose -x - 3 = -q. What is the remainder when 11 is divided by x?
3
Suppose -6*a - 17 = -7*a. Calculate the remainder when a is divided by 10.
7
Suppose 3*i - 16 = 2*i. Let b = 6 - -41. Calculate the remainder when b is divided by i.
15
Suppose -5*x = -5*k + 10 + 30, 2*x + 42 = 4*k. Calculate the remainder when 3/((-18)/(-4))*57 is divided by k.
12
Let f = 3 + -3. Suppose -2*z - z + 150 = f. Calculate the remainder when 16/10*z/4 is divided by 7.
6
Let w = -21 - -35. Suppose -328 = 16*v - 24*v. Calculate the remainder when v is divided by w.
13
Let c(d) = 25*d**3. Calculate the remainder when c(1) is divided by 9.
7
Let w = 5 + -3. Suppose -w*f + 0*f = -6. Suppose -f*q = -q - 16. Calculate the remainder when 22 is divided by q.
6
Let a = -31 + 36. What is the remainder when 9 is divided by a?
4
Suppose s - 3 = 36. Calculate the remainder when s is divided by 14.
11
Suppose 350 = 2*k + 4*h, 329 = 5*k + 2*h - 514. What is the remainder when k is divided by 34?
31
Let v(u) = 3*u**2 - 10*u. What is the remainder when v(7) is divided by 20?
17
Let h(o) = 10*o + 12. Let l(f) = -10*f - 11. Let a(u) = 4*h(u) + 5*l(u). What is the remainder when a(-5) is divided by 15?
13
Let d = 5 - 1. Suppose -d*t = -0 - 8. Suppose 0 = -c - t*f - 0*f + 4, -2*c + f + 18 = 0. What is the remainder when 22 is divided by c?
6
Suppose -1 = -5*v + 2*k + 64, -5*v - 3*k = -40. Calculate the remainder when 32 is divided by v.
10
Suppose 0 = -2*u - u + 165. Suppose -3*r + 31 + 11 = 0. Calculate the remainder when u is divided by r.
13
Let n = 113 - 64. Calculate the remainder when n is divided by 254/10 + 4/(-10).
24
Let d(m) = 7*m - 3. Let x = -6 + 8. What is the remainder when d(x) is divided by 6?
5
Let c(z) = z - 5. Let h be c(5). Suppose 4*u - 2*u - 50 = h. What is the remainder when u is divided by 14?
11
Let v be 382/(-3 - (1 + -2)). What is the remainder when v/(-7) - (-4)/(-14) is divided by 7?
6
Suppose -4*o = -2*k - 10, -7 = -5*o - 5*k + 13. Suppose -n - 26 = -o*n. Calculate the remainder when (15/2)/(1 - (-119)/(-140)) is divided by n.
11
Let n(j) = 6*j**2 - j - 10. Calculate the remainder when 202 is divided by n(3).
38
Calculate the remainder when 1 is divided by (1/(-4))/((-4)/48*3).
0
Let r be (-2)/(-9) + (-2)/9. Suppose r = -f + 6*f + 300. Let v = 92 + f. What is the remainder when v is divided by 11?
10
Let z(x) = -2*x**3 - 4*x**2 - 4*x - 3. Let r = -25 - -44. What is the remainder when r is divided by z(-2)?
4
Suppose -3*t - i + 109 = 0, i = -5*t - 0*i + 185. Suppose -24 + 11 = -z. What is the remainder when t is divided by z?
12
Let k = 18 - 11. Calculate the remainder when 40 is divided by k.
5
Let n be 15/6 - (-1)/(-2). Calculate the remainder when 47 is divided by 8/(15/6 - n).
15
Suppose -4*m - 5*w + 16 = 0, -5*w = 3*m - 23 + 6. Let t(n) be the first derivative of -6*n**2 - n + 1. What is the remainder when 20 is divided by t(m)?
9
Let i(o) = 3*o**2 - o. Suppose 0*d + 2*d - 78 = 0. Calculate the remainder when d is divided by i(-2).
11
Let n be (24/(-9) - -2)*-6. Suppose 3*l + 3 = 3*p, -2*l + l + 2*p = n. Suppose -9 = u + r - 21, -l*u + 3 = -5*r. What is the remainder when 17 is divided by u?
8
Suppose 0 = r - 2*o - 11, -r + 0*r + 8 = -o. Suppose -r*h + 35 = -10. Calculate the remainder when 44 is divided by h.
8
Suppose -31 = 4*t - 159. Let r(p) = -p + 11. Calculate the remainder when t is divided by r(0).
10
What is the remainder when 13/4*(9/(-3) - -7) is divided by 9?
4
Let s = 5 + 34. Calculate the remainder when s is divided by 14.
11
Let f(c) be the second derivative of c**3/6 + 43*c**2/2 + 3*c. Let o(m) = -15*m. Calculate the remainder when f(0) is divided by o(-1).
13
Calculate the remainder when 26 is divided by 79/9 + (-10)/(-45).
8
Let x = -42 - -44. What is the remainder when 6 is divided by x?
0
Let o(p) = p**3 + 6*p**2 + 7. Let i be o(-6). Let d(c) = -c**3 - 8*c**2 - 9*c + 4. Calculate the remainder when d(-7) is divided by 360/35 - 2/i.
8
Let z(q) = q**3 + 8*q**2 - q - 3. Suppose 6*u - 2*u - t - 3 = 0, -5*t + 31 = 3*u. Calculate the remainder when 2 - u - 13/(-1) is divided by z(-8).
3
Let o = -1 + 2. Calculate the remainder when 1*(-47)/(o + -2) is divided by 2 - (-2 - -2 - 14).
15
Let w be (-88)/72 - (-4)/18. Let t(p) = 13*p**2 - p. What is the remainder when 27 is divided by t(w)?
13
Let n = 105 - 99. What is the remainder when 11 is divided by n?
5
Let w(z) = -z - 1. Let